{"id":12,"date":"2020-02-16T18:19:02","date_gmt":"2020-02-16T18:19:02","guid":{"rendered":"http:\/\/atelier-kraft.de\/?page_id=12"},"modified":"2026-04-07T08:55:26","modified_gmt":"2026-04-07T08:55:26","slug":"atelier","status":"publish","type":"page","link":"https:\/\/atelier-kraft.de\/","title":{"rendered":"Atelier"},"content":{"rendered":"<div class=\"fusion-fullwidth fullwidth-box fusion-builder-row-1 fusion-flex-container nonhundred-percent-fullwidth non-hundred-percent-height-scrolling\" style=\"background-color: rgba(255,255,255,0);background-position: center center;background-repeat: no-repeat;border-width: 0px 0px 0px 0px;border-color:#e2e2e2;border-style:solid;\" ><div class=\"fusion-builder-row fusion-row fusion-flex-align-items-flex-start\" style=\"max-width:1248px;margin-left: calc(-4% \/ 2 );margin-right: calc(-4% \/ 2 );\"><div class=\"fusion-layout-column fusion_builder_column fusion-builder-column-0 fusion_builder_column_1_1 1_1 fusion-flex-column fusion-flex-align-self-center\"><div class=\"fusion-column-wrapper fusion-flex-justify-content-flex-start fusion-content-layout-block\" style=\"background-position:left top;background-repeat:no-repeat;-webkit-background-size:cover;-moz-background-size:cover;-o-background-size:cover;background-size:cover;padding: 0px 0px 0px 0px;\"><div class=\"fusion-text fusion-text-1\"><p><strong>Aktuelles:<br><\/strong>Das Caf\u00e9 ist zur Zeit nur noch zu Veranstaltungen ge\u00f6ffnet.<\/p>\n<p> Die Galerie ist nach telefonischer Absprache oder wenn wir im Haus sind immer ge\u00f6ffnet. <\/p>\n<p>Am Freitag den 20. M\u00e4rz er\u00f6ffnen wir eine <b>Sonderausstellung (bis 30. April)<\/b> von Kunstwerken des 16. Jhdts. bis zur heutigen Zeit .  <\/p>\n<p><b>\u00d6ffnungszeiten<\/b>:   <b>Samstag von 12 bis 16 Uhr,   Sonntag von 12 bis 16 Uhr <\/b><\/p>\n<p><b>Kunst Offen in MV vom 23. bis 25.5. von 11 bis 17 Uhr im Atelier und LuK Friedrich.-Franz-Str. 11<\/b><\/p><\/p>\n<\/div><\/div><\/div><style type=\"text\/css\">.fusion-body .fusion-builder-column-0{width:100% !important;margin-top : 0px;margin-bottom : 20px;}.fusion-builder-column-0 > .fusion-column-wrapper {padding-top : 0px !important;padding-right : 0px !important;margin-right : 1.92%;padding-bottom : 0px !important;padding-left : 0px !important;margin-left : 1.92%;}@media only screen and (max-width:1024px) {.fusion-body .fusion-builder-column-0{width:100% !important;order : 0;}.fusion-builder-column-0 > .fusion-column-wrapper {margin-right : 1.92%;margin-left : 1.92%;}}@media only screen and (max-width:640px) {.fusion-body .fusion-builder-column-0{width:100% !important;order : 0;}.fusion-builder-column-0 > .fusion-column-wrapper {margin-right : 1.92%;margin-left : 1.92%;}}<\/style><\/div><style type=\"text\/css\">.fusion-body .fusion-flex-container.fusion-builder-row-1{ padding-top : 0px;margin-top : 0px;padding-right : 0px;padding-bottom : 0px;margin-bottom : 0px;padding-left : 0px;}<\/style><\/div><div class=\"fusion-fullwidth fullwidth-box fusion-builder-row-2 fusion-flex-container nonhundred-percent-fullwidth non-hundred-percent-height-scrolling\" style=\"background-color: rgba(255,255,255,0);background-position: center center;background-repeat: no-repeat;border-width: 0px 0px 0px 0px;border-color:#e2e2e2;border-style:solid;\" ><div class=\"fusion-builder-row fusion-row fusion-flex-align-items-flex-start\" style=\"max-width:1248px;margin-left: calc(-4% \/ 2 );margin-right: calc(-4% \/ 2 );\"><\/div><style type=\"text\/css\">.fusion-body .fusion-flex-container.fusion-builder-row-2{ padding-top : 0px;margin-top : 0px;padding-right : 0px;padding-bottom : 0px;margin-bottom : 0px;padding-left : 0px;}<\/style><\/div><div class=\"fusion-fullwidth fullwidth-box fusion-builder-row-3 fusion-flex-container nonhundred-percent-fullwidth non-hundred-percent-height-scrolling\" style=\"background-color: rgba(255,255,255,0);background-position: center center;background-repeat: no-repeat;border-width: 0px 0px 0px 0px;border-color:#e2e2e2;border-style:solid;\" ><div class=\"fusion-builder-row fusion-row fusion-flex-align-items-flex-start\" style=\"max-width:1248px;margin-left: calc(-4% \/ 2 );margin-right: calc(-4% \/ 2 );\"><div class=\"fusion-layout-column fusion_builder_column fusion-builder-column-1 fusion_builder_column_1_1 1_1 fusion-flex-column\"><div class=\"fusion-column-wrapper fusion-flex-justify-content-flex-start fusion-content-layout-column\" style=\"background-position:left top;background-repeat:no-repeat;-webkit-background-size:cover;-moz-background-size:cover;-o-background-size:cover;background-size:cover;padding: 0px 0px 0px 0px;\"><div class=\"fusion-text fusion-text-2\"><p style=\"color: #0e006d;\">Das Atelier Kraft finden Sie im Zentrum von D\u00f6mitz, einer kleinen Stadt im S\u00fcden Mecklenburgs in unmittelbarer N\u00e4he von Europas gr\u00f6\u00dfter Binnend\u00fcne und an der M\u00fcndung der M\u00fcritz-Elde Wasserstra\u00dfe. Der Elbuferradweg f\u00fchrt an der Festung D\u00f6mitz, der n\u00f6rdlichsten noch erhaltenen Zitadelle, vorbei. Unser Haus vereint Galerie, Atelier und ein kleines Caf\u00e9 zu einem gem\u00fctlichen inspirierenden Ensemble.<\/p>\n<p><!-- \/wp:post-content --><\/p>\n<p><!-- wp:paragraph --><\/p>\n<p style=\"color: #0e006d;\">Im Atelier entstehen \u00d6lbilder und Zeichnungen der K\u00fcnstlerin Petra Kraft. Sie ist geb\u00fcrtige Mecklenburgerin. Ihre k\u00fcnstlerische Malerei-Ausbildung hat sie an der \u201eFreien Kunstschule K\u00f6ln\u201c absolviert. Sie arbeitet vorwiegend mit \u00d6lfarben , Zeichenkohle und Bleistift. Ihre Werke zeigen unter anderem fig\u00fcrliche Darstellungen in Anlehnung an alte Meister und K\u00fcnstler des Impressionismus, Gro\u00dfaufnahmen von Naturobjekten in entfremdeten Farben oder auch andere Motive.<\/p>\n<p style=\"color: #0e006d;\">\u00a0<\/p>\n<p style=\"color: #0e006d;\">\u00a0<\/p>\n<p><!-- \/wp:paragraph --><\/p>\n<p><!-- wp:paragraph --><\/p>\n<p style=\"text-align: center;\">\u00a0<\/p>\n<div class=\"wp-block-group\">\n<div style=\"text-align: center;\">\u00a0<\/div>\n<p style=\"text-align: center;\">\u00a0<\/p>\n<p style=\"text-align: center;\">\u00a0<\/p>\n<p style=\"text-align: center;\">\u00a0<\/p>\n<p style=\"text-align: center;\">\u00a0<\/p>\n<\/div>\n<p><!-- wp:html --><\/p>\n<p><!-- \/wp:html --><\/p>\n<p>&nbsp;<\/p>\n<p style=\"text-align: center;\">\u00a0<\/p>\n<\/div><\/div><\/div><style type=\"text\/css\">.fusion-body .fusion-builder-column-1{width:100% !important;margin-top : 0px;margin-bottom : 20px;}.fusion-builder-column-1 > .fusion-column-wrapper {padding-top : 0px !important;padding-right : 0px !important;margin-right : 1.92%;padding-bottom : 0px !important;padding-left : 0px !important;margin-left : 1.92%;}@media only screen and (max-width:1024px) {.fusion-body .fusion-builder-column-1{width:100% !important;order : 0;}.fusion-builder-column-1 > .fusion-column-wrapper {margin-right : 1.92%;margin-left : 1.92%;}}@media only screen and (max-width:640px) {.fusion-body .fusion-builder-column-1{width:100% !important;order : 0;}.fusion-builder-column-1 > .fusion-column-wrapper {margin-right : 1.92%;margin-left : 1.92%;}}<\/style><\/div><style type=\"text\/css\">.fusion-body .fusion-flex-container.fusion-builder-row-3{ padding-top : 0px;margin-top : 0px;padding-right : 0px;padding-bottom : 0px;margin-bottom : 0px;padding-left : 0px;}<\/style><\/div>","protected":false},"excerpt":{"rendered":"","protected":false},"author":1,"featured_media":0,"parent":0,"menu_order":0,"comment_status":"closed","ping_status":"closed","template":"","meta":{"footnotes":""},"class_list":["post-12","page","type-page","status-publish","hentry"],"_links":{"self":[{"href":"https:\/\/atelier-kraft.de\/index.php?rest_route=\/wp\/v2\/pages\/12","targetHints":{"allow":["GET"]}}],"collection":[{"href":"https:\/\/atelier-kraft.de\/index.php?rest_route=\/wp\/v2\/pages"}],"about":[{"href":"https:\/\/atelier-kraft.de\/index.php?rest_route=\/wp\/v2\/types\/page"}],"author":[{"embeddable":true,"href":"https:\/\/atelier-kraft.de\/index.php?rest_route=\/wp\/v2\/users\/1"}],"replies":[{"embeddable":true,"href":"https:\/\/atelier-kraft.de\/index.php?rest_route=%2Fwp%2Fv2%2Fcomments&post=12"}],"version-history":[{"count":159,"href":"https:\/\/atelier-kraft.de\/index.php?rest_route=\/wp\/v2\/pages\/12\/revisions"}],"predecessor-version":[{"id":455,"href":"https:\/\/atelier-kraft.de\/index.php?rest_route=\/wp\/v2\/pages\/12\/revisions\/455"}],"wp:attachment":[{"href":"https:\/\/atelier-kraft.de\/index.php?rest_route=%2Fwp%2Fv2%2Fmedia&parent=12"}],"curies":[{"name":"wp","href":"https:\/\/api.w.org\/{rel}","templated":true}]}}

<div class="fusion-fullwidth fullwidth-box fusion-builder-row-1 fusion-flex-container nonhundred-percent-fullwidth non-hundred-percent-height-scrolling" style="background-color: rgba(255,255,255,0);background-position: center center;background-repeat: no-repeat;border-width: 0px 0px 0px 0px;border-color:#e2e2e2;border-style:solid;" ><div class="fusion-builder-row fusion-row fusion-flex-align-items-flex-start" style="max-width:1248px;margin-left: calc(-4% / 2 );margin-right: calc(-4% / 2 );"><div class="fusion-layout-column fusion_builder_column fusion-builder-column-0 fusion_builder_column_1_1 1_1 fusion-flex-column fusion-flex-align-self-center"><div class="fusion-column-wrapper fusion-flex-justify-content-flex-start fusion-content-layout-block" style="background-position:left top;background-repeat:no-repeat;-webkit-background-size:cover;-moz-background-size:cover;-o-background-size:cover;background-size:cover;padding: 0px 0px 0px 0px;"><div class="fusion-text fusion-text-1"><p><strong>Aktuelles:<br></strong>Das Café ist zur Zeit nur noch zu Veranstaltungen geöffnet.</p>
<p> Die Galerie ist nach telefonischer Absprache oder wenn wir im Haus sind immer geöffnet. </p>
<p>Am Freitag den 20. März eröffnen wir eine <b>Sonderausstellung (bis 30. April)</b> von Kunstwerken des 16. Jhdts. bis zur heutigen Zeit .  </p>
<p><b>Öffnungszeiten</b>:   <b>Samstag von 12 bis 16 Uhr,   Sonntag von 12 bis 16 Uhr </b></p>
<p><b>Kunst Offen in MV vom 23. bis 25.5. von 11 bis 17 Uhr im Atelier und LuK Friedrich.-Franz-Str. 11</b></p></p>
</div></div></div><style type="text/css">.fusion-body .fusion-builder-column-0{width:100% !important;margin-top : 0px;margin-bottom : 20px;}.fusion-builder-column-0 > .fusion-column-wrapper {padding-top : 0px !important;padding-right : 0px !important;margin-right : 1.92%;padding-bottom : 0px !important;padding-left : 0px !important;margin-left : 1.92%;}@media only screen and (max-width:1024px) {.fusion-body .fusion-builder-column-0{width:100% !important;order : 0;}.fusion-builder-column-0 > .fusion-column-wrapper {margin-right : 1.92%;margin-left : 1.92%;}}@media only screen and (max-width:640px) {.fusion-body .fusion-builder-column-0{width:100% !important;order : 0;}.fusion-builder-column-0 > .fusion-column-wrapper {margin-right : 1.92%;margin-left : 1.92%;}}</style></div><style type="text/css">.fusion-body .fusion-flex-container.fusion-builder-row-1{ padding-top : 0px;margin-top : 0px;padding-right : 0px;padding-bottom : 0px;margin-bottom : 0px;padding-left : 0px;}</style></div><div class="fusion-fullwidth fullwidth-box fusion-builder-row-2 fusion-flex-container nonhundred-percent-fullwidth non-hundred-percent-height-scrolling" style="background-color: rgba(255,255,255,0);background-position: center center;background-repeat: no-repeat;border-width: 0px 0px 0px 0px;border-color:#e2e2e2;border-style:solid;" ><div class="fusion-builder-row fusion-row fusion-flex-align-items-flex-start" style="max-width:1248px;margin-left: calc(-4% / 2 );margin-right: calc(-4% / 2 );"></div><style type="text/css">.fusion-body .fusion-flex-container.fusion-builder-row-2{ padding-top : 0px;margin-top : 0px;padding-right : 0px;padding-bottom : 0px;margin-bottom : 0px;padding-left : 0px;}</style></div><div class="fusion-fullwidth fullwidth-box fusion-builder-row-3 fusion-flex-container nonhundred-percent-fullwidth non-hundred-percent-height-scrolling" style="background-color: rgba(255,255,255,0);background-position: center center;background-repeat: no-repeat;border-width: 0px 0px 0px 0px;border-color:#e2e2e2;border-style:solid;" ><div class="fusion-builder-row fusion-row fusion-flex-align-items-flex-start" style="max-width:1248px;margin-left: calc(-4% / 2 );margin-right: calc(-4% / 2 );"><div class="fusion-layout-column fusion_builder_column fusion-builder-column-1 fusion_builder_column_1_1 1_1 fusion-flex-column"><div class="fusion-column-wrapper fusion-flex-justify-content-flex-start fusion-content-layout-column" style="background-position:left top;background-repeat:no-repeat;-webkit-background-size:cover;-moz-background-size:cover;-o-background-size:cover;background-size:cover;padding: 0px 0px 0px 0px;"><div class="fusion-text fusion-text-2"><p style="color: #0e006d;">Das Atelier Kraft finden Sie im Zentrum von Dömitz, einer kleinen Stadt im Süden Mecklenburgs in unmittelbarer Nähe von Europas größter Binnendüne und an der Mündung der Müritz-Elde Wasserstraße. Der Elbuferradweg führt an der Festung Dömitz, der nördlichsten noch erhaltenen Zitadelle, vorbei. Unser Haus vereint Galerie, Atelier und ein kleines Café zu einem gemütlichen inspirierenden Ensemble.</p>
<p><!-- /wp:post-content --></p>
<p><!-- wp:paragraph --></p>
<p style="color: #0e006d;">Im Atelier entstehen Ölbilder und Zeichnungen der Künstlerin Petra Kraft. Sie ist gebürtige Mecklenburgerin. Ihre künstlerische Malerei-Ausbildung hat sie an der „Freien Kunstschule Köln“ absolviert. Sie arbeitet vorwiegend mit Ölfarben , Zeichenkohle und Bleistift. Ihre Werke zeigen unter anderem figürliche Darstellungen in Anlehnung an alte Meister und Künstler des Impressionismus, Großaufnahmen von Naturobjekten in entfremdeten Farben oder auch andere Motive.</p>
<p style="color: #0e006d;"> </p>
<p style="color: #0e006d;"> </p>
<p><!-- /wp:paragraph --></p>
<p><!-- wp:paragraph --></p>
<p style="text-align: center;"> </p>
<div class="wp-block-group">
<div style="text-align: center;"> </div>
<p style="text-align: center;"> </p>
<p style="text-align: center;"> </p>
<p style="text-align: center;"> </p>
<p style="text-align: center;"> </p>
</div>
<p><!-- wp:html --></p>
<p><!-- /wp:html --></p>
<p>&nbsp;</p>
<p style="text-align: center;"> </p>
</div></div></div><style type="text/css">.fusion-body .fusion-builder-column-1{width:100% !important;margin-top : 0px;margin-bottom : 20px;}.fusion-builder-column-1 > .fusion-column-wrapper {padding-top : 0px !important;padding-right : 0px !important;margin-right : 1.92%;padding-bottom : 0px !important;padding-left : 0px !important;margin-left : 1.92%;}@media only screen and (max-width:1024px) {.fusion-body .fusion-builder-column-1{width:100% !important;order : 0;}.fusion-builder-column-1 > .fusion-column-wrapper {margin-right : 1.92%;margin-left : 1.92%;}}@media only screen and (max-width:640px) {.fusion-body .fusion-builder-column-1{width:100% !important;order : 0;}.fusion-builder-column-1 > .fusion-column-wrapper {margin-right : 1.92%;margin-left : 1.92%;}}</style></div><style type="text/css">.fusion-body .fusion-flex-container.fusion-builder-row-3{ padding-top : 0px;margin-top : 0px;padding-right : 0px;padding-bottom : 0px;margin-bottom : 0px;padding-left : 0px;}</style></div>
